99.
95
Calculate the remainder when 244 is divided by 133.
111
Calculate the remainder when 35 is divided by 9.
8
Calculate the remainder when 964 is divided by 202.
156
Calculate the remainder when 46 is divided by 16.
14
What is the remainder when 25 is divided by 9?
7
What is the remainder when 764 is divided by 182?
36
Calculate the remainder when 101 is divided by 75.
26
What is the remainder when 79 is divided by 53?
26
What is the remainder when 136 is divided by 46?
44
Calculate the remainder when 30 is divided by 9.
3
Calculate the remainder when 1660 is divided by 2.
0
What is the remainder when 7603 is divided by 65?
63
What is the remainder when 661 is divided by 330?
1
Calculate the remainder when 4549 is divided by 31.
23
What is the remainder when 710 is divided by 2?
0
What is the remainder when 177 is divided by 60?
57
What is the remainder when 20744 is divided by 253?
251
Calculate the remainder when 317 is divided by 20.
17
Calculate the remainder when 385 is divided by 100.
85
Calculate the remainder when 181 is divided by 7.
6
Calculate the remainder when 265 is divided by 122.
21
What is the remainder when 523 is divided by 30?
13
Calculate the remainder when 42 is divided by 11.
9
What is the remainder when 83 is divided by 14?
13
What is the remainder when 878 is divided by 70?
38
What is the remainder when 1146 is divided by 28?
26
What is the remainder when 1429 is divided by 53?
51
What is the remainder when 230 is divided by 47?
42
Calculate the remainder when 153 is divided by 52.
49
Calculate the remainder when 1712 is divided by 11.
7
Calculate the remainder when 3707 is divided by 14.
11
Calculate the remainder when 5120 is divided by 1280.
0
Calculate the remainder when 524 is divided by 99.
29
Calculate the remainder when 112 is divided by 5.
2
What is the remainder when 46 is divided by 36?
10
What is the remainder when 133 is divided by 14?
7
Calculate the remainder when 1471 is divided by 23.
22
Calculate the remainder when 1279 is divided by 52.
31
Calculate the remainder when 21981 is divided by 12.
9
What is the remainder when 2953 is divided by 14?
13
What is the remainder when 140 is divided by 77?
63
What is the remainder when 1271 is divided by 18?
11
Calculate the remainder when 685 is divided by 173.
166
Calculate the remainder when 209 is divided by 57.
38
Calculate the remainder when 965 is divided by 14.
13
Calculate the remainder when 35 is divided by 5.
0
What is the remainder when 625 is divided by 35?
30
Calculate the remainder when 6643 is divided by 44.
43
Calculate the remainder when 8476 is divided by 314.
312
Calculate the remainder when 2015 is divided by 14.
13
What is the remainder when 341 is divided by 145?
51
Calculate the remainder when 298 is divided by 22.
12
Calculate the remainder when 209 is divided by 57.
38
Calculate the remainder when 244 is divided by 25.
19
Calculate the remainder when 80 is divided by 46.
34
What is the remainder when 5 is divided by 2?
1
Calculate the remainder when 3689 is divided by 45.
44
Calculate the remainder when 71 is divided by 26.
19
What is the remainder when 1225 is divided by 59?
45
What is the remainder when 1095 is divided by 8?
7
Calculate the remainder when 148 is divided by 28.
8
Calculate the remainder when 820 is divided by 118.
112
Calculate the remainder when 212 is divided by 86.
40
What is the remainder when 195 is divided by 18?
15
Calculate the remainder when 21997 is divided by 8.
5
What is the remainder when 164 is divided by 24?
20
Calculate the remainder when 34 is divided by 19.
15
What is the remainder when 6638 is divided by 27?
23
What is the remainder when 83 is divided by 30?
23
What is the remainder when 19 is divided by 14?
5
What is the remainder when 4803 is divided by 31?
29
What is the remainder when 1295 is divided by 162?
161
Calculate the remainder when 11 is divided by 3.
2
What is the remainder when 74 is divided by 14?
4
What is the remainder when 714 is divided by 115?
24
What is the remainder when 97 is divided by 14?
13
Calculate the remainder when 4811 is divided by 6.
5
What is the remainder when 24334 is divided by 39?
37
Calculate the remainder when 79 is divided by 70.
9
Calculate the remainder when 1650 is divided by 3.
0
What is the remainder when 102 is divided by 67?
35
Calculate the remainder when 5878 is divided by 147.
145
What is the remainder when 81 is divided by 28?
25
What is the remainder when 1007 is divided by 42?
41
What is the remainder when 200 is divided by 29?
26
Calculate the remainder when 6973 is divided by 1741.
9
What is the remainder when 500 is divided by 40?
20
Calculate the remainder when 87 is divided by 23.
18
What is the remainder when 132 is divided by 70?
62
Calculate the remainder when 25 is divided by 16.
9
What is the remainder when 2621 is divided by 82?
79
Calculate the remainder when 45 is divided by 26.
19
What is the remainder when 247 is divided by 83?
81
Calculate the remainder when 2728 is divided by 65.
63
What is the remainder when 3912 is divided by 1301?
9
Calculate the remainder when 97 is divided by 51.
46
Calculate the remainder when 234 is divided by 47.
46
Calculate the remainder when 220 is divided by 73.
1
What is the remainder when 459 is divided by 42?
39
Calculate the remainder when 89 is divided by 7.
5
What is the remainder when 630 is divided by 27?
9
Calculate the remainder when 514 is divided by 162.
28
What is the remainder when 1038 is divided by 326?
60
Calculate the remainder when 54 is divided by 15.
9
Calculate the remainder when 1158 is divided by 130.
118
What is the remainder when 288 is divided by 33?
24
What is the remainder when 18 is divided by 5?
3
Calculate the remainder when 195 is divided by 4.
3
Calculate the remainder when 278 is divided by 80.
38
Calculate the remainder when 2948 is divided by 123.
119
Calculate the remainder when 3102 is divided by 29.
28
Calculate the remainder when 89 is divided by 26.
11
What is the remainder when 1348 is divided by 15?
13
Calculate the remainder when 3359 is divided by 1118.
5
Calculate the remainder when 2108 is divided by 10.
8
What is the remainder when 10 is divided by 6?
4
What is the remainder when 76 is divided by 48?
28
Calculate the remainder when 3483 is divided by 39.
12
Calculate the remainder when 19 is divided by 6.
1
What is the remainder when 35 is divided by 21?
14
What is the remainder when 2878 is divided by 67?
64
What is the remainder when 118 is divided by 6?
4
Calculate the remainder when 94 is divided by 19.
18
Calculate the remainder when 1077 is divided by 54.
51
Calculate the remainder when 675 is divided by 26.
25
What is the remainder when 356 is divided by 25?
6
Calculate the remainder when 129 is divided by 17.
10
What is the remainder when 951 is divided by 30?
21
Calculate the remainder when 178 is divided by 47.
37
Calculate the remainder when 30418 is divided by 20.
18
Calculate the remainder when 34 is divided by 5.
4
What is the remainder when 1146 is divided by 82?
80
What is the remainder when 55 is divided by 17?
4
Calculate the remainder when 1463 is divided by 29.
13
What is the remainder when 262 is divided by 7?
3
Calculate the remainder when 919 is divided by 103.
95
Calculate the remainder when 201 is divided by 69.
63
What is the remainder when 2552 is divided by 1271?
10
Calculate the remainder when 3236 is divided by 216.
212
Calculate the remainder when 54 is divided by 9.
0
Calculate the remainder when 79 is divided by 69.
10
Calculate the remainder when 192 is divided by 98.
94
What is the remainder when 1192 is divided by 16?
8
Calculate the remainder when 108 is divided by 38.
32
Calculate the remainder when 1076 is divided by 356.
8
What is the remainder when 262 is divided by 7?
3
Calculate the remainder when 139 is divided by 24.
19
What is the remainder when 109 is divided by 61?
48
Calculate the remainder when 13878 is divided by 267.
261
Calculate the remainder when 798 is divided by 252.
42
What is the remainder when 1193 is divided by 11?
5
What is the remainder when 133 is divided by 45?
43
What is the remainder when 2813 is divided by 9?
5
Calculate the remainder when 1809 is divided by 165.
159
Calculate t